e factors of a.
3, 5
Suppose -18 = -3*c - 3. Suppose -c*y = -5*t + 20, -2*y = -5*y - 3. Suppose -p + 9 = f - 0*p, 4*f = -t*p + 33. List the prime factors of f.
2, 3
Let r = 93 + -88. Suppose 2*n + 14 - 56 = 4*s, -r*s + 21 = n. List the prime factors of n.
3, 7
Let t be (-51)/(-6) + 33/22. Suppose -2*z - 6*d + 152 = -2*d, -2*d + t = 0. List the prime factors of z.
2, 3, 11
What are the prime factors of 2062/20 - 12/120?
103
Suppose 3*t = -o - 273, -3*t + o = -t + 177. Suppose -3*r = -8*r - 160. Let k = r - t. List the prime factors of k.
2, 29
Let f(i) = i**3 - 9*i**2 - 12*i + 14. Let o be f(10). List the prime factors of ((-1180)/(-30))/((-4)/o).
59
Suppose 4*a - a = -66. Let f be (a/(-8))/(6/(-24)). Let m = 14 + f. List the prime factors of m.
3
Let d = -3377 + 4771. List the prime factors of d.
2, 17, 41
Let s(o) = 13 - 4*o**3 + 7*o**2 + 2*o**3 + o**3 + 2 + 4*o. Suppose 4*f - 19 = 9. List the prime factors of s(f).
43
Let k(u) = u**2 - 2*u + 8. Let s be k(0). Let b(o) = o**3 - 8*o**2 + o - 6. Let w be b(s). Suppose -12 = -3*c, w*c = -p - c + 30. List the prime factors of p.
2, 3
Let p = -468 - -433. Suppose -3*b + 8*b - 15 = 0. Let o = b - p. What are the prime factors of o?
2, 19
Let g(s) = 2*s**2 + s - 5. Let u be g(-7). Suppose 0 = -0*c + c + 4*l - 31, -c = -4*l - 71. Let o = u - c. List the prime factors of o.
5, 7
What are the prime factors of (-894)/(-5) + 6/30?
179
Let d = 4669 - 2410. List the prime factors of d.
3, 251
Suppose -7 = -3*g + 4*l, 0*l - 2*l = 2*g. What are the prime factors of (g/2)/((-1)/(-166))?
83
Suppose 0 = 3*h + 5*n - 4265, 47*h = 43*h + 4*n + 5740. List the prime factors of h.
2, 5, 11, 13
Let r(p) = -3*p + 3*p - 2*p + 9*p**2 - 2*p - 27. Let c(k) = -4*k**2 + 2*k + 13. Let t(x) = -7*c(x) - 3*r(x). List the prime factors of t(-7).
53
Let h(f) = f**3 + 4*f**2 + 22*f - 39. List the prime factors of h(12).
3, 281
Suppose -5*f + 524 = 2*k, 2*k + 3*f = 500 + 20. What are the prime factors of k?
257
Suppose -2772 = -q - 4*k, -5*q + 2*k + 7923 + 6047 = 0. List the prime factors of q.
2, 349
Let i = -11 - -19. Suppose -2*g - i = -5*v + 2, 3*v = -3*g + 27. Suppose -5*c + g + 30 = 0. What are the prime factors of c?
7
Let d(z) = -86*z - 37. What are the prime factors of d(-7)?
5, 113
Let o(n) = -2*n**2 + 18*n - 6. Let z be o(9). List the prime factors of z*7*(-12)/18.
2, 7
What are the prime factors of 16/(-14) + 442320/420?
2, 263
Suppose 8*j + 256 = 6*j. Let k = -45 - j. What are the prime factors of k?
83
Let a be 3*21/(-18)*-2. Suppose a = 3*o - 44. List the prime factors of o.
17
Let o = 0 + -34. Let x be (-8)/(-28) + (2 - 65/7). Let l = x - o. What are the prime factors of l?
3
Let o = 86 - 79. Let f(y) = -3*y**2 + 22*y - 5. List the prime factors of f(o).
2
Let y(i) be the first derivative of -i**4/4 + 2*i**3 + 4*i**2 + 6*i - 1. List the prime factors of y(7).
13
Let t(f) = 3*f**3 - 17*f**2 + 42*f - 25. What are the prime factors of t(9)?
1163
Let t(s) = s**2 + 9*s - 5. Let y(r) = -11 - 4*r**2 + 0*r**2 + 3*r**2 + r + 0*r. Let i be y(0). What are the prime factors of t(i)?
17
Let j be 0 + 303 + (-4)/(-4). Suppose -152 = -2*f - 4*x, 4*f + x - j = -x. List the prime factors of f.
2, 19
Suppose 0*w - 3*u - 1864 = -4*w, 2*u = w - 466. List the prime factors of w.
2, 233
Suppose -2*j + 2*d + 80 = -538, 5*d = -4*j + 1209. What are the prime factors of j?
2, 3, 17
Let k(g) = 4*g**2. Let o be k(1). Suppose o*z + 14 = l, 0 = l - 3*l + 4*z + 44. Let t = l - 5. List the prime factors of t.
5
Let u(c) = c**3 + c**2 + c - 2. Let k be u(-5). Let a = 171 + k. What are the prime factors of a?
2
Let h = 932 - 610. List the prime factors of h.
2, 7, 23
Let f(b) = -707*b + 22. What are the prime factors of f(-1)?
3
Suppose 0 = -p + 4*p - 12. Suppose 0 = -3*a - 2 - p, -2*j - 5*a - 2 = 0. Suppose 4*v + 92 = j*w, 2*w - 5*v - 71 = -w. What are the prime factors of w?
2, 11
Let s be (1*3/(-9))/(5/(-45)). Suppose 0 = g - s*g + 374. List the prime factors of g.
11, 17
Let v be 8/10*(11 - 1). Suppose 4*s - 11 = -3*m, 4*s = 5*m + 11 - 40. Suppose -2*k + 2*a + v = 0, -11 = -m*a + 9. What are the prime factors of k?
2
Let g(n) = -2*n + 27. Let k be g(11). Suppose 0 = -k*b - 0*a + 3*a + 23, 4*b = -a + 15. Let d(t) = t**3 - 3*t**2 + 2*t + 1. List the prime factors of d(b).
5
Let o = -74 - -136. Let q = o - 34. What are the prime factors of -3 + (-3)/((-6)/q)?
11
Let h be 3/(-4) + (-36728)/(-32). Let p = h + -162. List the prime factors of (-4)/10 - p/(-25).
3, 13
Suppose -4 = -4*t + 2*m, -t = -0*t - 2*m + 5. Suppose -2*a + 0*a = 4*j - 34, 23 = t*a - j. Let c = a - 6. List the prime factors of c.
3
Let d = 12 - 10. Let t be 0/(d*(-3)/6). Let w(q) = q**2 + q + 11. List the prime factors of w(t).
11
Suppose -892*w + 897*w = 1125. What are the prime factors of w?
3, 5
Suppose -3*x = 0, 5*y - 5*x - 258 = 152. Let v = y - 45. List the prime factors of v.
37
Suppose -5*o = -3*m - 42, 4*o - o + 4*m - 2 = 0. Suppose -o*r = -r - 45. Let f = r - -30. List the prime factors of f.
3, 13
Let k(v) be the third derivative of v**5/30 + v**4/24 + v**3/6 - 5*v**2. Let l be k(1). Suppose l*o - 19 = 3*o. List the prime factors of o.
19
Let k(v) be the first derivative of 5*v**2/2 - 24*v - 14. What are the prime factors of k(7)?
11
Suppose 4*g = -4, -l + 2*l = -g + 107. List the prime factors of (l/(-14))/(42/(-392)).
2, 3
Suppose 2*h = 5*h - 3324. What are the prime factors of h?
2, 277
Let x(y) = y**2 + 13*y - 12. Let h be x(10). List the prime factors of 28/(-126) - h/(-9).
2, 3
Suppose -2*p + 2*d + 2 = 0, -4*p + 6 = d - 4*d. Let j be -2*(27/(-6) + p). Suppose f + 0*f - j = 0. List the prime factors of f.
3
Let b(c) = 13*c**2 - 16*c - 16. List the prime factors of b(-11).
1733
Suppose -6*b = -4*b - 6, 0 = 3*y + 5*b - 15. Suppose -5*i + 3*h - 16 = y, -2*h + 4*h + 21 = -3*i. What are the prime factors of (-42)/i*(-5)/(-2)?
3, 7
Let g = -2087 + 3223. What are the prime factors of g?
2, 71
Let a be (4/3)/(6/9). Suppose -a*v + 4 + 0 = 0. List the prime factors of v + (2 - -50)/4.
3, 5
Let g be 45/6*(-16)/(-12). Suppose -g = -3*c + 26. Let a = 18 - c. List the prime factors of a.
2, 3
Let n = 1191 + -72. List the prime factors of n.
3, 373
Let p = -44 - -48. Suppose s + 2*s = -6, p*z - 4*s = 664. What are the prime factors of z?
2, 41
Let v(r) = r**2 + 2*r + 5. Let a be v(0). Suppose -a*w + 5*u = -1035, 443 = -3*w - 4*u + 1057. What are the prime factors of w?
2, 103
Let d be (-8)/(-3) + (-2)/3. Suppose -d*v + 4*v = 0. Suppose v*i = 5*i - 60. List the prime factors of i.
2, 3
Let h be ((-6)/10)/(4/(-20)). Suppose 0 = -19*s + 26*s - 1015. Suppose -2*u - h*u = -4*a - 100, -5*u - 5*a = -s. List the prime factors of u.
2, 3
Let a be 22/55 + 24/(-10). Let u(g) = -2*g**2 + 3*g**2 - 3*g + 0*g**2 - 3. What are the prime factors of u(a)?
7
Suppose -6*x + 801 = -267. Let b = -6 + 10. Suppose 4*g - 150 = -b*k + g, 0 = -5*k + g + x. List the prime factors of k.
2, 3
Let x = 42 - 61. Let y = 22 + x. Suppose -2*s - y*g + 11 + 20 = 0, g + 55 = 4*s. What are the prime factors of s?
2, 7
Let n = -139 - -144. Let b(k) = 10*k**2 + 8*k - 35. List the prime factors of b(n).
3, 5, 17
Suppose 23*f = 21*f + 1948. List the prime factors of f.
2, 487
Let p = -122 + 127. Suppose -3*l = 2*t + 177, 2*l - 3*l + 4*t - 45 = 0. Let c = p - l. What are the prime factors of c?
2, 31
Suppose 0 = 4*r - 46 - 454. What are the prime factors of (4/12)/(2/6) + r?
2, 3, 7
Let i(m) = 12*m - 5. Let a(z) = -2*z**3 + 11*z**2 - 2*z - 4. Let l be a(5). List the prime factors of i(l).
127
Suppose -k = -k - 2*k. Suppose -j + 2*j - 109 = k. What are the prime factors of j?
109
Let m(i) = 249*i + 50. List the prime factors of m(2).
2, 137
Let k be (-2)/13 - (8330/(-65) + 2). Suppose -t = -4*a - 22, -4*a + 0*a = -5*t + k. List the prime factors of t.
2, 13
Suppose 2*z + 12 = 4*o, 0*o + 8 = -2*z + 3*o. Suppose -z*h = -2*g + 14, 3*h + 5 = 4*h + 3*g. Let s = h + 11. List the prime factors of s.
7
Let q be 7/21 + ((-564)/(-9))/4. Let r(f) = -f**3 + 18*f**2 - 23*f + 12. List the prime factors of r(q).
2, 3, 13
Let p = 22 + -26. Let j(q) = -2*q - 3. Let z be j(p). Suppose -5 = -z*s + 6*b - 2*b, -20 = -3*s - b. What are the prime factors of s?
5
Let x(g) = 8*g + 8 + 2*g + 0*g. List the prime factors of x(8).
2, 11
Suppose 5*r - 